{"id":681,"date":"2025-08-31T01:32:06","date_gmt":"2025-08-31T01:32:06","guid":{"rendered":"https:\/\/comerciomayorrodriguez.com.mx\/?post_type=product&#038;p=681"},"modified":"2025-08-31T01:32:06","modified_gmt":"2025-08-31T01:32:06","slug":"papel-termico","status":"publish","type":"product","link":"https:\/\/comerciomayorrodriguez.com.mx\/index.php\/producto\/papel-termico\/","title":{"rendered":"Papel T\u00e9rmico"},"content":{"rendered":"<p>Para mayor informaci\u00f3n de este producto, env\u00edanos un mensaje y uno de nuestros asesores se contactar\u00e1 contigo a la brevedad.<\/p>\n","protected":false},"excerpt":{"rendered":"<p>Para mayor informaci\u00f3n de este producto, env\u00edanos un mensaje y uno de nuestros asesores se contactar\u00e1 contigo a la brevedad.<\/p>\n","protected":false},"featured_media":684,"comment_status":"open","ping_status":"closed","template":"","meta":[],"product_brand":[],"product_cat":[29],"product_tag":[],"class_list":{"0":"post-681","1":"product","2":"type-product","3":"status-publish","4":"has-post-thumbnail","6":"product_cat-papel","8":"first","9":"instock","10":"shipping-taxable","11":"product-type-simple"},"_links":{"self":[{"href":"https:\/\/comerciomayorrodriguez.com.mx\/index.php\/wp-json\/wp\/v2\/product\/681","targetHints":{"allow":["GET"]}}],"collection":[{"href":"https:\/\/comerciomayorrodriguez.com.mx\/index.php\/wp-json\/wp\/v2\/product"}],"about":[{"href":"https:\/\/comerciomayorrodriguez.com.mx\/index.php\/wp-json\/wp\/v2\/types\/product"}],"replies":[{"embeddable":true,"href":"https:\/\/comerciomayorrodriguez.com.mx\/index.php\/wp-json\/wp\/v2\/comments?post=681"}],"wp:featuredmedia":[{"embeddable":true,"href":"https:\/\/comerciomayorrodriguez.com.mx\/index.php\/wp-json\/wp\/v2\/media\/684"}],"wp:attachment":[{"href":"https:\/\/comerciomayorrodriguez.com.mx\/index.php\/wp-json\/wp\/v2\/media?parent=681"}],"wp:term":[{"taxonomy":"product_brand","embeddable":true,"href":"https:\/\/comerciomayorrodriguez.com.mx\/index.php\/wp-json\/wp\/v2\/product_brand?post=681"},{"taxonomy":"product_cat","embeddable":true,"href":"https:\/\/comerciomayorrodriguez.com.mx\/index.php\/wp-json\/wp\/v2\/product_cat?post=681"},{"taxonomy":"product_tag","embeddable":true,"href":"https:\/\/comerciomayorrodriguez.com.mx\/index.php\/wp-json\/wp\/v2\/product_tag?post=681"}],"curies":[{"name":"wp","href":"https:\/\/api.w.org\/{rel}","templated":true}]}}